t common factor of 11 and 552431?
11
What is the greatest common factor of 131072 and 8?
8
Calculate the highest common divisor of 42795 and 10.
5
What is the highest common factor of 11 and 7068853?
11
Calculate the greatest common factor of 233 and 2271517.
233
What is the greatest common factor of 1456 and 546?
182
What is the highest common divisor of 145837 and 41?
41
What is the greatest common divisor of 525745 and 395?
395
Calculate the greatest common divisor of 12447 and 216.
27
What is the highest common divisor of 128 and 317?
1
Calculate the greatest common divisor of 610 and 2720.
10
Calculate the greatest common factor of 51491 and 279.
31
Calculate the greatest common factor of 99400 and 4550.
350
Calculate the highest common factor of 2102 and 5203501.
1051
What is the greatest common divisor of 7696 and 41704?
104
Calculate the highest common factor of 1157978 and 334.
334
Calculate the greatest common divisor of 16 and 21458.
2
What is the greatest common divisor of 136619 and 6057?
673
Calculate the greatest common divisor of 1106 and 14434.
14
Calculate the greatest common factor of 29496 and 504.
24
Calculate the highest common factor of 28194 and 13081.
127
What is the greatest common factor of 30997 and 1784?
223
What is the greatest common divisor of 310624 and 51?
17
Calculate the greatest common divisor of 1341 and 1350.
9
Calculate the greatest common factor of 1587 and 207.
69
Calculate the greatest common factor of 568178 and 338.
338
Calculate the highest common divisor of 114551 and 2.
1
What is the greatest common factor of 7758700 and 100?
100
What is the highest common factor of 7577780 and 12656?
3164
Calculate the highest common factor of 129160 and 100.
20
Calculate the greatest common divisor of 144 and 61542.
18
Calculate the highest common factor of 5096 and 364952.
392
What is the greatest common factor of 284512 and 1088?
544
What is the greatest common factor of 26339 and 4?
1
What is the highest common factor of 8316 and 10318?
154
Calculate the highest common factor of 143 and 2596.
11
What is the highest common factor of 4 and 2969?
1
Calculate the greatest common factor of 1529 and 1331.
11
Calculate the greatest common divisor of 58764 and 8673.
177
What is the highest common factor of 436 and 43273?
109
Calculate the highest common divisor of 4761 and 13754.
529
What is the greatest common divisor of 18 and 3013344?
18
What is the highest common factor of 270 and 154440?
270
What is the greatest common divisor of 355 and 2046575?
355
What is the greatest common factor of 81 and 5442?
3
Calculate the highest common factor of 106560 and 256.
64
Calculate the greatest common divisor of 1113 and 77115.
159
What is the greatest common factor of 105 and 96120?
15
Calculate the highest common factor of 1504650 and 2100.
1050
Calculate the highest common divisor of 905236 and 602.
86
Calculate the greatest common factor of 45 and 1062.
9
What is the greatest common divisor of 2350 and 2800?
50
Calculate the greatest common divisor of 75 and 909.
3
What is the highest common divisor of 2300 and 475?
25
Calculate the highest common factor of 5561 and 11371.
83
What is the highest common factor of 102 and 13475832?
102
Calculate the highest common divisor of 3151480 and 120.
40
Calculate the greatest common factor of 11231 and 2937.
11
What is the highest common divisor of 136001 and 19341?
307
Calculate the highest common factor of 26509 and 931.
49
Calculate the highest common divisor of 183073 and 34.
17
Calculate the highest common divisor of 15 and 2538795.
15
What is the highest common factor of 1168566 and 182?
14
Calculate the greatest common factor of 21420 and 176630.
170
What is the greatest common divisor of 10365 and 90?
15
What is the greatest common divisor of 7775 and 1244?
311
What is the greatest common divisor of 6524 and 8?
4
Calculate the highest common factor of 689738 and 10906.
266
Calculate the highest common divisor of 1662 and 6156.
6
What is the greatest common factor of 652 and 150286?
326
Calculate the greatest common factor of 44255 and 1503.
167
What is the greatest common factor of 348 and 2726?
58
What is the greatest common factor of 53812 and 616?
44
Calculate the greatest common divisor of 3692 and 7852.
52
Calculate the greatest common divisor of 40667 and 77.
11
Calculate the greatest common factor of 140630 and 41.
41
What is the highest common factor of 600 and 7400?
200
Calculate the greatest common factor of 8768 and 2496.
64
Calculate the highest common factor of 14319 and 888.
111
Calculate the highest common divisor of 1664 and 133432.
104
Calculate the highest common factor of 232686 and 278.
278
Calculate the highest common factor of 25193 and 2891.
413
What is the highest common factor of 422 and 33338?
422
What is the greatest common factor of 48 and 265566?
6
What is the highest common factor of 30 and 925230?
30
What is the highest common divisor of 51 and 4971?
3
What is the greatest common factor of 7879568 and 2006?
2006
What is the greatest common factor of 7983 and 63?
9
What is the greatest common factor of 515147 and 190?
19
Calculate the highest common factor of 719943 and 28.
7
What is the highest common divisor of 278 and 118?
2
Calculate the greatest common factor of 388 and 206707.
97
What is the highest common divisor of 2151 and 278913?
717
Calculate the highest common divisor of 6767 and 1212.
101
Calculate the highest common factor of 7 and 713608.
7
Calculate the highest common divisor of 28 and 1409692.
4
What is the greatest common factor of 21618 and 576?
18
What is the highest common factor of 164095 and 16853?
887
Calculate the highest common factor of 720 and 32679.
9
What is the highest common divisor of 322 and 806771?
161
Calculate the highest common divisor of 66561 and 33.
33
What is the greatest common divisor of 23964 and 249?
3
What is the greatest common divisor of 4387 and 205?
41
What is the greatest common factor of 13868 and 8?
4
Calculate the highest common divisor of 50 and 136450.
50
What is the greatest common divisor of 36 and 11763?
9
What is the highest common divisor of 4089 and 3948?
141
What is the highest common divisor of 268142 and 14231?
749
Calculate the highest common divisor of 208 and 10000.
16
What is the greatest common factor of 416 and 131392?
32
Calculate the greatest common divisor of 79 and 323821.
79
Calculate the highest common factor of 3699 and 13635.
27
What is the highest common divisor of 9541 and 112056?
203
What is the highest common divisor of 29882 and 9366?
446
What is the greatest common divisor of 74956 and 868?
28
What is the greatest common factor of 36 and 180212?
4
What is the highest common divisor of 147 and 973875?
147
Calculate the greatest common factor of 56 and 35315.
7
Calculate the greatest common factor of 15867 and 984.
123
Calculate the greatest common divisor of 3240 and 1485.
135
Calculate the highest common factor of 12 and 48812.
4
What is the highest common divisor of 810 and 3470?
10
What is the greatest common factor of 1200 and 197300?
100
What is the greatest common factor of 1516780 and 23530?
1810
Calculate the highest common factor of 43760 and 560.
80
Calculate the highest common factor of 996 and 2212116.
996
Calculate the highest common factor of 11928 and 46434.
426
What is the highest common divisor of 3380 and 23340?
20
Calculate the greatest common factor of 1581 and 29512.
527
Calculate the greatest common factor of 190773 and 1683.
99
What is the highest common divisor of 11231115 and 105?
105
Calculate the highest common factor of 1638 and 5121.
9
Calculate the highest common factor of 195040 and 47170.
530
What is the greatest common factor of 5718 and 24?
6
What is the greatest common divisor of 552 and 668544?
24
What is the greatest common factor of 557331 and 333?
111
Calculate the greatest common factor of 799 and 4371.
47
What is the highest common divisor of 25441 and 39?
13
What is the highest common divisor of 598 and 8694?
46
What is the greatest common divisor of 35165 and 117?
13
Calculate the greatest common factor of 23066 and 342.
38
Calculate the greatest common factor of 2916 and 531.
9
What is the highest common divisor